ors of 3377.
11, 307
List the prime factors of 10948.
2, 7, 17, 23
List the prime factors of 1278.
2, 3, 71
What are the prime factors of 1097?
1097
What are the prime factors of 57234?
2, 3, 9539
List the prime factors of 10520.
2, 5, 263
What are the prime factors of 139?
139
What are the prime factors of 42975?
3, 5, 191
List the prime factors of 9586.
2, 4793
List the prime factors of 30161.
30161
List the prime factors of 17411.
23, 757
List the prime factors of 2838.
2, 3, 11, 43
What are the prime factors of 768?
2, 3
What are the prime factors of 685?
5, 137
List the prime factors of 10047.
3, 17, 197
What are the prime factors of 84300?
2, 3, 5, 281
List the prime factors of 3551.
53, 67
List the prime factors of 19607.
7, 2801
What are the prime factors of 52916?
2, 13229
List the prime factors of 5172.
2, 3, 431
What are the prime factors of 22508?
2, 17, 331
List the prime factors of 1855.
5, 7, 53
What are the prime factors of 106?
2, 53
What are the prime factors of 414?
2, 3, 23
What are the prime factors of 896?
2, 7
What are the prime factors of 2476?
2, 619
What are the prime factors of 922?
2, 461
List the prime factors of 59625.
3, 5, 53
List the prime factors of 3787.
7, 541
What are the prime factors of 184010?
2, 5, 18401
List the prime factors of 5730.
2, 3, 5, 191
List the prime factors of 50213.
149, 337
What are the prime factors of 62104?
2, 7, 1109
List the prime factors of 122.
2, 61
List the prime factors of 6485.
5, 1297
What are the prime factors of 39644?
2, 11, 17, 53
What are the prime factors of 13691?
13691
List the prime factors of 50803.
101, 503
List the prime factors of 34800.
2, 3, 5, 29
List the prime factors of 1023.
3, 11, 31
What are the prime factors of 2857?
2857
What are the prime factors of 131889?
3, 43963
List the prime factors of 51858.
2, 3, 43, 67
What are the prime factors of 129570?
2, 3, 5, 7, 617
What are the prime factors of 428?
2, 107
List the prime factors of 106.
2, 53
What are the prime factors of 4419?
3, 491
List the prime factors of 3168.
2, 3, 11
What are the prime factors of 54034?
2, 27017
What are the prime factors of 507?
3, 13
List the prime factors of 101804.
2, 31, 821
What are the prime factors of 1563?
3, 521
What are the prime factors of 2904?
2, 3, 11
What are the prime factors of 1437?
3, 479
What are the prime factors of 160?
2, 5
List the prime factors of 22074.
2, 3, 13, 283
List the prime factors of 3238.
2, 1619
List the prime factors of 855.
3, 5, 19
List the prime factors of 14339.
13, 1103
List the prime factors of 151275.
3, 5, 2017
What are the prime factors of 16456?
2, 11, 17
List the prime factors of 7416.
2, 3, 103
List the prime factors of 1196.
2, 13, 23
List the prime factors of 84342.
2, 3, 14057
List the prime factors of 4246.
2, 11, 193
List the prime factors of 3141.
3, 349
What are the prime factors of 1027?
13, 79
List the prime factors of 31261.
43, 727
What are the prime factors of 87275?
5, 3491
List the prime factors of 1425.
3, 5, 19
List the prime factors of 82659.
3, 59, 467
List the prime factors of 15861.
3, 17, 311
List the prime factors of 51775.
5, 19, 109
List the prime factors of 136.
2, 17
What are the prime factors of 42079?
29, 1451
List the prime factors of 2144.
2, 67
List the prime factors of 76127.
269, 283
What are the prime factors of 13743?
3, 509
List the prime factors of 2195.
5, 439
What are the prime factors of 6565?
5, 13, 101
What are the prime factors of 44827?
23, 1949
List the prime factors of 3607.
3607
List the prime factors of 389.
389
List the prime factors of 18154.
2, 29, 313
What are the prime factors of 127?
127
List the prime factors of 83652.
2, 3, 6971
List the prime factors of 3244.
2, 811
List the prime factors of 628.
2, 157
List the prime factors of 11403.
3, 7, 181
What are the prime factors of 3708?
2, 3, 103
What are the prime factors of 82982?
2, 41491
List the prime factors of 24313.
41, 593
List the prime factors of 1696.
2, 53
What are the prime factors of 13150?
2, 5, 263
List the prime factors of 951.
3, 317
What are the prime factors of 19988?
2, 19, 263
What are the prime factors of 3737?
37, 101
List the prime factors of 82793.
82793
What are the prime factors of 1192?
2, 149
What are the prime factors of 27977?
101, 277
List the prime factors of 26337.
3, 8779
What are the prime factors of 4468?
2, 1117
What are the prime factors of 5339?
19, 281
List the prime factors of 408.
2, 3, 17
What are the prime factors of 14660?
2, 5, 733
List the prime factors of 5843.
5843
What are the prime factors of 70848?
2, 3, 41
List the prime factors of 910.
2, 5, 7, 13
List the prime factors of 10790.
2, 5, 13, 83
List the prime factors of 5143.
37, 139
What are the prime factors of 1127?
7, 23
List the prime factors of 5511.
3, 11, 167
What are the prime factors of 30?
2, 3, 5
List the prime factors of 1392.
2, 3, 29
What are the prime factors of 4925?
5, 197
List the prime factors of 1441.
11, 131
List the prime factors of 1008.
2, 3, 7
What are the prime factors of 2000?
2, 5
What are the prime factors of 18682?
2, 9341
What are the prime factors of 101113?
101113
What are the prime factors of 642?
2, 3, 107
List the prime factors of 19417.
19417
What are the prime factors of 2691?
3, 13, 23
List the prime factors of 71167.
71167
List the prime factors of 15025.
5, 601
List the prime factors of 3739.
3739
What are the prime factors of 1068?
2, 3, 89
What are the prime factors of 6771?
3, 37, 61
What are the prime factors of 627?
3, 11, 19
List the prime factors of 98397.
3, 13, 29
What are the prime factors of 1877?
1877
List the prime factors of 27.
3
What are the prime factors of 73111?
113, 647
List the prime factors of 38394.
2, 3, 79
What are the prime factors of 472?
2, 59
List the prime factors of 14056.
2, 7, 251
List the prime factors of 2386.
2, 1193
What are the prime factors of 62869?
62869
What are the prime factors of 28333?
29, 977
List the prime factors of 6728.
2, 29
List the prime factors of 1149.
3, 383
List the prime factors of 532.
2, 7, 19
What are the prime factors of 5134?
2, 17, 151
What are the prime factors of 16321?
19, 859
What are the prime factors of 60929?
11, 29, 191
List the prime factors of 5082.
2, 3, 7, 11
What are the prime factors of 2052?
2, 3, 19
What are the prime factors of 20546?
2, 10273
What are the prime factors of 20818?
2, 7, 1487
List the prime factors of 1708.
2, 7, 61
List the prime factors of 1549.
1549
What are the prime factors of 16562?
2, 7, 13
List the prime factors of 44889.
3, 13, 1151
What are the prime factors of 24264?
2, 3, 337
List the prime factors of 4659.
3, 1553
What are the prime factors of 22154?
2, 11, 19, 53
What are the prime factors of 12134?
2, 6067
What are the prime factors of 8385?
3, 5, 13, 43
What are the prime factors of 1071?
3, 7, 17
List the prime factors of 93965.
5, 18793
What are the prime factors of 3878?
2, 7, 277
What are the prime factors of 115290?
2, 3, 5, 7, 61
What are the prime factors of 18247?
71, 257
What are the prime factors of 51008?
2, 797
List the prime factors of 5472.
2, 3, 19
List the prime factors of 1647.
3, 61
What are the prime factors of 1944?
2, 3
What are the prime factors of 9282?
2, 3, 7, 13, 17
List the prime factors of 121.
11
List the prime factors of 32600.
2, 5, 163
What are the prime factors of 141677?
141677
What are the prime factors of 231?
3, 7, 11
What are the prime factors of 6704?
2, 419
What are the prime factors of 4540?
2, 5, 227
What are the prime factors of 5450?
2, 5, 109
List the prime factors of 578.
2, 17
What are the prime factors of 5802?
2, 3, 967
What are the prime factors of 2236?
2, 13, 43
List the prime factors of 11000.
2, 5, 11
What are the prime factors of 9881?
41, 241
What are the prime factors of 6196?
2, 1549
List the prime factors of 529.
23
What are the prime factors of 93533?
11, 773
List the prime factors of 5281.
5281
What are the prime factors of 5687?
11, 47
List the prime factors of 5718.
2, 3, 953
List the prime factors of 1683.
3, 11, 17
What are the prime factors of 5217?
3, 37, 47
List the prime factors of 10315.
5, 2063
What are the prime factors of 219?
3, 73
What are the prime factors of 1424?
2, 89
List the prime factors